{"id":680,"date":"2020-07-21T16:17:56","date_gmt":"2020-07-21T19:17:56","guid":{"rendered":"https:\/\/cienciapolitica.ufpr.br\/decp\/?page_id=680"},"modified":"2020-07-23T21:39:04","modified_gmt":"2020-07-24T00:39:04","slug":"formularios","status":"publish","type":"page","link":"https:\/\/cienciapolitica.ufpr.br\/decp\/formularios\/","title":{"rendered":"Formul\u00e1rios"},"content":{"rendered":"<p><strong><span style=\"color: #000000\"><a style=\"color: #000000\" href=\"http:\/\/www.soc.ufpr.br\/portal\/wp-content\/uploads\/2016\/07\/Res-37-97-CEPE-atividades-acad%C3%AAmicas-alterada-pela-Res.-10-19-CEPE.pdf\">Resolu\u00e7\u00e3o n\u00ba 37\/97-CEPE<\/a>:<\/span><\/strong><\/p>\n<p><span style=\"color: #000000\"><strong>SEGUNDA CHAMADA<\/strong><\/span><\/p>\n<p><span style=\"color: #000000\">Art. 106 \u2013 \u00c9 assegurado o direito \u00e0 segunda chamada ao aluno que n\u00e3o tenha comparecido\u00a0\u00e0 avalia\u00e7\u00e3o do rendimento escolar, exceto na segunda avalia\u00e7\u00e3o final, nos casos e condi\u00e7\u00f5es<\/span><br \/>\n<span style=\"color: #000000\"> constantes neste artigo.<\/span><\/p>\n<ul>\n<li><span style=\"color: #000000\">1\u00ba \u2013 Considera-se impedimento do aluno para comparecer \u00e0 avalia\u00e7\u00e3o:<\/span><br \/>\n<span style=\"color: #000000\"> a) exerc\u00edcios ou manobras efetuadas na mesma data em virtude de matr\u00edcula no NPOR (Lei\u00a0n\u00ba 4375, de 17.08.64), devidamente comprovadas por atestado da unidade militar;<\/span><br \/>\n<span style=\"color: #000000\"> b) internamento hospitalar devidamente comprovado pelo hospital;<\/span><br \/>\n<span style=\"color: #000000\"> c) doen\u00e7a comprovadamente impeditiva do comparecimento, confirmada por um atestado\u00a0emitido por profissional da \u00e1rea de sa\u00fade;<\/span><br \/>\n<span style=\"color: #000000\"> d) luto pelo falecimento de parentes ou afins em linha reta e de colaterais at\u00e9 o segundo grau,\u00a0comprov\u00e1vel pelo correspondente atestado de \u00f3bito;<\/span><br \/>\n<span style=\"color: #000000\"> e) convoca\u00e7\u00e3o, com coincid\u00eancia de hor\u00e1rio, para depoimento judicial, policial ou\u00a0assemelhado, devidamente comprovado;<\/span><br \/>\n<span style=\"color: #000000\"> f) convoca\u00e7\u00e3o, com coincid\u00eancia de hor\u00e1rio, devidamente comprovada, para elei\u00e7\u00f5es em\u00a0entidades oficiais;<\/span><\/li>\n<li><span style=\"color: #000000\">2\u00ba \u2013 O aluno ou seu representante dever\u00e1 requerer ao docente respons\u00e1vel pela disciplina\u00a0ou ao departamento a segunda chamada no prazo de 5 (cinco) dias \u00fateis, contados a partir da<\/span><br \/>\n<span style=\"color: #000000\"> data da realiza\u00e7\u00e3o da avalia\u00e7\u00e3o do rendimento escolar, apresentando a documenta\u00e7\u00e3o\u00a0comprobat\u00f3ria correspondente, devendo o docente ou o departamento manifestar-se no prazo<\/span><br \/>\n<span style=\"color: #000000\"> m\u00e1ximo de 5 (cinco) dias \u00fateis, sendo que nos casos previstos no \u00a7 1\u00ba deste artigo que\u00a0impliquem em viagens, os 5 (cinco) dias \u00fateis para requerimento ser\u00e3o contados a partir do<\/span><br \/>\n<span style=\"color: #000000\"> retorno do aluno.<\/span><\/li>\n<li><span style=\"color: #000000\">3\u00ba \u2013 Deferido o requerimento, o docente ou o departamento fixar\u00e1 em edital, o local e\u00a0a data e o conte\u00fado da avalia\u00e7\u00e3o de segunda chamada, com, no m\u00ednimo, 5 (cinco) dias\u00a0\u00fateis de anteced\u00eancia.<\/span><\/li>\n<\/ul>\n<p>&nbsp;<\/p>\n<p><span style=\"color: #000000\"><strong>REVIS\u00c3O DE PROVA<\/strong><\/span><\/p>\n<p><span style=\"color: #000000\">Art. 105 \u2013 \u00c9 assegurado ao aluno o direito \u00e0 revis\u00e3o do resultado das avalia\u00e7\u00f5es escritas no seguintes termos:<\/span><br \/>\n<span style=\"color: #000000\"> a) caso o aluno ainda n\u00e3o tenha tido acesso efetivo \u00e0 sua prova escrita corrigida, conforme previsto no artigo 93, \u00a7 3\u00ba, o processo de revis\u00e3o iniciar-se-\u00e1 com a<\/span><br \/>\n<span style=\"color: #000000\"> apresenta\u00e7\u00e3o de requerimento de vista da prova pelo aluno ao departamento respons\u00e1vel pela disciplina, nos tr\u00eas (03) dias \u00fateis subseq\u00fcentes \u00e0 divulga\u00e7\u00e3o dos<\/span><br \/>\n<span style=\"color: #000000\"> editais de notas;<\/span><br \/>\n<span style=\"color: #000000\"> b) a vista, que pressup\u00f5e possibilitar ao aluno ler, anotar e copiar o que julgar necess\u00e1rio, ser\u00e1 concedida no prazo m\u00e1ximo de tr\u00eas (03) dias \u00fateis a contar do<\/span><br \/>\n<span style=\"color: #000000\"> recebimento do requerimento pelo departamento, podendo o aluno, ap\u00f3s a vista, apresentar, no prazo de tr\u00eas (03) dias \u00fateis, requerimento justificado de revis\u00e3o das<\/span><br \/>\n<span style=\"color: #000000\"> quest\u00f5es que considere terem sido indevidamente corrigidas;<\/span><br \/>\n<span style=\"color: #000000\"> c) recebido o requerimento pelo departamento, ser\u00e1 ouvido o professor da disciplina, que poder\u00e1 reconsiderar sua avalia\u00e7\u00e3o; caso contr\u00e1rio, o chefe do departamento<\/span><br \/>\n<span style=\"color: #000000\"> designar\u00e1 uma comiss\u00e3o de tr\u00eas (03) professores do departamento que sejam da mesma disciplina, ou na falta destes, de \u00e1rea conexa do mesmo departamento, para<\/span><br \/>\n<span style=\"color: #000000\"> efetuar a revis\u00e3o, devendo, em qualquer caso, ser dado conhecimento formal ao aluno sobre o resultado do pedido, no prazo m\u00e1ximo de dez (10) dias \u00fateis.<\/span><br \/>\n<span style=\"color: #000000\"> Par\u00e1grafo \u00danico \u2013 Na hip\u00f3tese de o prazo estipulado na al\u00ednea \u201cc\u201d do caput deste artigo ultrapassar a data prevista para a realiza\u00e7\u00e3o da avalia\u00e7\u00e3o seguinte ou para o requerimento de<\/span><br \/>\n<span style=\"color: #000000\"> segunda avalia\u00e7\u00e3o final, dever\u00e1 o aluno, preliminarmente, requerer a segunda avalia\u00e7\u00e3o final ou submeter-se \u00e0 realiza\u00e7\u00e3o da avalia\u00e7\u00e3o, desconsiderando-se o seu resultado, quando for o caso.<\/span><\/p>\n<p><span style=\"color: #000000\"><strong><a style=\"color: #000000\" href=\"http:\/\/www.prograd.ufpr.br\/portal\/copap\/wp-content\/uploads\/sites\/2\/2019\/12\/2-Requerimento-Geral.pdf\">Formul\u00e1rio de requerimento para\u00a0Segunda chamada\u00a0ou\u00a0Revis\u00e3o de prova<\/a><\/strong><\/span><\/p>\n<p>&nbsp;<\/p>\n<p><strong><span style=\"color: #000000\">CORRE\u00c7\u00c3O DE NOTAS E FREQU\u00caNCIA<\/span><\/strong><\/p>\n<p><strong><span style=\"color: #000000\">Novo Boletim de Notas e Frequ\u00eancia:<\/span><\/strong><\/p>\n<p><span style=\"color: #000000\">Informamos que foi disponibilizado um novo formul\u00e1rio no SEI chamado PROGRAD: Boletim de Notas e Frequ\u00eancia.<\/span><br \/>\n<span style=\"color: #000000\">Este documento substitui o formul\u00e1rio <strong><a style=\"color: #000000\" href=\"http:\/\/www.prograd.ufpr.br\/portal\/copap\/wp-content\/uploads\/sites\/2\/2018\/06\/8-Revis%C3%A3o-de-Notas.pdf\">anexo<\/a><\/strong> em nossa p\u00e1gina.<\/span><\/p>\n<p><span style=\"color: #000000\">O novo documento permite o preenchimento on-line das informa\u00e7\u00f5es e assinatura eletr\u00f4nica, assim, otimiza-se o processo e evita a impress\u00e3o de formul\u00e1rios formato pdf.<\/span><br \/>\n<span style=\"color: #000000\">Deste modo, o docente abre o processo e envia diretamente ao Departamento no qual \u00e9 lotado.<\/span><\/p>\n<blockquote><p><span style=\"color: #000000\">O aluno deve entrar em contato com o professor e solicitar que este abra o processo via SEI para a corre\u00e7\u00e3o de notas\/frequ\u00eancia.<\/span><\/p><\/blockquote>\n<p>&nbsp;<\/p>\n<p><strong><span style=\"color: #000000\">OUTROS FORMUL\u00c1RIOS:<\/span><\/strong><\/p>\n<p><span style=\"color: #000000\"><strong><a style=\"color: #000000\" href=\"http:\/\/www.humanas.ufpr.br\/portal\/cienciassociais\/formularios\/\">Formul\u00e1rios\u00a0para requerimentos na coordena\u00e7\u00e3o de curso<\/a><\/strong><\/span><\/p>\n<p><strong><span style=\"color: #000000\"><a style=\"color: #000000\" href=\"http:\/\/www.prograd.ufpr.br\/portal\/copap\/formularios\/\">Formul\u00e1rios Prograd<\/a><\/span><\/strong><\/p>\n","protected":false},"excerpt":{"rendered":"<p>Resolu\u00e7\u00e3o n\u00ba 37\/97-CEPE: SEGUNDA CHAMADA Art. 106 \u2013 \u00c9 assegurado o direito \u00e0 segunda chamada ao aluno que n\u00e3o tenha comparecido\u00a0\u00e0 avalia\u00e7\u00e3o do rendimento escolar, exceto na segunda avalia\u00e7\u00e3o final, nos casos e condi\u00e7\u00f5es constantes [&hellip;]<\/p>\n","protected":false},"author":20,"featured_media":0,"parent":0,"menu_order":0,"comment_status":"closed","ping_status":"closed","template":"","meta":{"footnotes":""},"class_list":["post-680","page","type-page","status-publish","hentry"],"_links":{"self":[{"href":"https:\/\/cienciapolitica.ufpr.br\/decp\/wp-json\/wp\/v2\/pages\/680","targetHints":{"allow":["GET"]}}],"collection":[{"href":"https:\/\/cienciapolitica.ufpr.br\/decp\/wp-json\/wp\/v2\/pages"}],"about":[{"href":"https:\/\/cienciapolitica.ufpr.br\/decp\/wp-json\/wp\/v2\/types\/page"}],"author":[{"embeddable":true,"href":"https:\/\/cienciapolitica.ufpr.br\/decp\/wp-json\/wp\/v2\/users\/20"}],"replies":[{"embeddable":true,"href":"https:\/\/cienciapolitica.ufpr.br\/decp\/wp-json\/wp\/v2\/comments?post=680"}],"version-history":[{"count":3,"href":"https:\/\/cienciapolitica.ufpr.br\/decp\/wp-json\/wp\/v2\/pages\/680\/revisions"}],"predecessor-version":[{"id":832,"href":"https:\/\/cienciapolitica.ufpr.br\/decp\/wp-json\/wp\/v2\/pages\/680\/revisions\/832"}],"wp:attachment":[{"href":"https:\/\/cienciapolitica.ufpr.br\/decp\/wp-json\/wp\/v2\/media?parent=680"}],"curies":[{"name":"wp","href":"https:\/\/api.w.org\/{rel}","templated":true}]}}