{"id":36,"date":"2017-02-14T01:26:32","date_gmt":"2017-02-14T03:26:32","guid":{"rendered":"https:\/\/cienciapolitica.ufpr.br\/decp\/?page_id=36"},"modified":"2025-10-22T17:48:44","modified_gmt":"2025-10-22T20:48:44","slug":"administracao","status":"publish","type":"page","link":"https:\/\/cienciapolitica.ufpr.br\/decp\/administracao\/","title":{"rendered":""},"content":{"rendered":"<p>Departamento de Ci\u00eancia Pol\u00edtica da UFPR<\/p>\n<p><strong>Hor\u00e1rio de atendimento:<\/strong><\/p>\n<p align=\"justify\">Em conformidade com a Portaria UFPR n\u00ba 1.595, de 16 de novembro de 2023, informamos que o DECP aderiu ao Programa de Gest\u00e3o &#8211; Teletrabalho, regulamentado pela\u00a0Resolu\u00e7\u00e3o n\u00ba 16\/22 &#8211; COPLAD\/UFPR.<\/p>\n<p align=\"justify\">Sendo assim, a partir de <u><b>21\/11\/2023<\/b><\/u> o atendimento da secretaria ocorrer\u00e1 da seguinte forma:<\/p>\n<table width=\"734\" cellspacing=\"0\" cellpadding=\"7\">\n<tbody>\n<tr valign=\"top\">\n<td bgcolor=\"#000000\" width=\"128\">\n<p align=\"center\"><span style=\"color: #ffffff\"><b>SEGUNDA<\/b><\/span><\/p>\n<\/td>\n<td bgcolor=\"#000000\" width=\"129\">\n<p align=\"center\"><span style=\"color: #ffffff\"><b>TER\u00c7A<\/b><\/span><\/p>\n<\/td>\n<td bgcolor=\"#000000\" width=\"135\">\n<p align=\"center\"><span style=\"color: #ffffff\"><b>QUARTA<\/b><\/span><\/p>\n<\/td>\n<td bgcolor=\"#000000\" width=\"135\">\n<p align=\"center\"><span style=\"color: #ffffff\"><b>QUINTA<\/b><\/span><\/p>\n<\/td>\n<td bgcolor=\"#000000\" width=\"135\">\n<p align=\"center\"><span style=\"color: #ffffff\"><b>SEXTA<\/b><\/span><\/p>\n<\/td>\n<\/tr>\n<tr>\n<td bgcolor=\"#d8d8d8\" width=\"128\" height=\"53\">\n<p align=\"center\">PRESENCIAL<\/p>\n<\/td>\n<td width=\"129\">\n<p align=\"center\">ATENDIMENTO REMOTO<\/p>\n<\/td>\n<td bgcolor=\"#d8d8d8\" width=\"135\">\n<p align=\"center\">PRESENCIAL<\/p>\n<\/td>\n<td width=\"135\">\n<p align=\"center\">ATENDIMENTO REMOTO<\/p>\n<\/td>\n<td width=\"135\">\n<p align=\"center\">ATENDIMENTO REMOTO<\/p>\n<\/td>\n<\/tr>\n<tr>\n<td colspan=\"5\" valign=\"top\" width=\"718\">\n<p align=\"center\">Hor\u00e1rio: 8h30 \u00e0s 11h45 e das 13h15 \u00e0s 17h<\/p>\n<\/td>\n<\/tr>\n<\/tbody>\n<\/table>\n<p><strong>Contatos:<\/strong><\/p>\n<p>DEPARTAMENTO DE CI\u00caNCIA POL\u00cdTICA: decpufpr@gmail.com \/ decp@ufpr.br<\/p>\n<p>PROGRAMA DE P\u00d3S-GRADUA\u00c7\u00c3O EM CI\u00caNCIA POL\u00cdTICA: ppgcpufpr@gmail.com<\/p>\n<p>*************************************************************<\/p>\n<h2>Chefia<\/h2>\n<p>Chefe: Prof. Dr. Paulo Roberto Neves Costa<br \/>\npaulocostaufpr@gmail.com<\/p>\n<p>Vice: Prof. Dr. Alexsandro Eug\u00eanio Pereira<br \/>\nalexsep@uol.com.br<\/p>\n<p>Decano:\u00a0Prof. Dr. Adriano Nervo Codato<\/p>\n<p>adrianocodato@gmail.com<\/p>\n<h2>Secret\u00e1ria<\/h2>\n<p>Milena\u00a0Cristina<br \/>\n<a style=\"color: #000000\" href=\"mailto:decp@ufpr.br\">decp@ufpr.br<\/a><\/p>\n<h2>*************************************************************<\/h2>\n<h2>Representa\u00e7\u00e3o do Departamento de Ci\u00eancia Pol\u00edtica:<\/h2>\n<h3><strong>COMIT\u00caS SETORIAIS:<\/strong><\/h3>\n<p><strong>COMIT\u00ca SETORIAL DE EXTENS\u00c3O: <\/strong>ADRIANO NERVO CODATO\u00a0\u2013 Titular e \u2013 PAULO ROBERTO NEVES COSTA Suplente;<\/p>\n<p><strong>COMIT\u00ca SETORIAL DE PESQUISA: <\/strong>BRUNO BOLOGNESI &#8211; Titular e\u00a0GRAZIELLA GUIOTTI TESTA\u00a0&#8211; Suplente;<\/p>\n<p><strong>COMIT\u00ca SETORIAL DE MONITORIA<\/strong>: ALEXSANDRO EUG\u00caNIO PEREIRA &#8211; Titular e BRUNO BOLOGNESI &#8211; Suplente;<\/p>\n<p><strong>COMIT\u00ca SETORIAL DE USU\u00c1RIOS DA BIBLIOTECA<\/strong>: ALEXSANDRO EUG\u00caNIO PEREIRA &#8211; Titular e PAULO ROBERTO NEVES COSTA\u00a0 \u2013 Suplente.<\/p>\n<h3><strong>REPRESENTANTES DEPARTAMENTAIS NO COLEGIADO DO CURSO DE <\/strong><strong>CI\u00caNCIAS SOCIAIS<\/strong>:<\/h3>\n<p>Titulares: ALEXSANDRO EUG\u00caNIO PEREIRA, PAULO ROBERTO NEVES COSTA, NELSON ROS\u00c1RIO DE SOUZA e BRUNO BOLOGNESI. Suplentes: ADRIANO NERVO CODATO, KELLY CRISTINA DE SOUZA PRUD\u00caNCIO, GRAZIELLA GUIOTTI TESTA, SERGIO SOARES BRAGA e NELSON ROS\u00c1RIO DE SOUZA.<\/p>\n<h3><strong>REPRESENTANTE DA COMISS\u00c3O ORIENTADORA DE EST\u00c1GIOS &#8211; COE: <\/strong><\/h3>\n<p>Professor SERGIO SOARES BRAGA<\/p>\n<h3>REPRESENTANTE DA COMISS\u00c3O INTERNA DE ATIVIDADES CURRICULARES DE EXTENS\u00c3O\u00a0 (CIACE):<\/h3>\n<p>Professor NELSON ROS\u00c1RIO DE SOUZA<\/p>\n<h3>N\u00daCLEO DOCENTE ESTRUTURANTE (NDE):<\/h3>\n<p>Professora KELLY CRISTINA DE SOUZA PRUD\u00caNCIO (TITULAR) e Professor SERGIO SOARES BRAGA (SUPLENTE)<\/p>\n<h3><b>COMISS\u00c3O ORIENTADORA ACAD\u00caMICA (COA)<\/b><\/h3>\n<p>KELLY CRISTINA DE SOUZA PRUD\u00caNCIO<\/p>\n<h3><b>P\u00d3LIS<\/b><\/h3>\n<p>PROFESSOR RESPONS\u00c1VEL: ADRIANO NERVO CODATO<\/p>\n<p>VICE: GRAZIELLA GUIOTTI TESTA<\/p>\n<p>&nbsp;<\/p>\n<p><strong>\u00a0<\/strong><\/p>\n","protected":false},"excerpt":{"rendered":"<p>Departamento de Ci\u00eancia Pol\u00edtica da UFPR Hor\u00e1rio de atendimento: Em conformidade com a Portaria UFPR n\u00ba 1.595, de 16 de novembro de 2023, informamos que o DECP aderiu ao Programa de Gest\u00e3o &#8211; Teletrabalho, regulamentado [&hellip;]<\/p>\n","protected":false},"author":3,"featured_media":0,"parent":0,"menu_order":0,"comment_status":"closed","ping_status":"closed","template":"","meta":{"footnotes":""},"class_list":["post-36","page","type-page","status-publish","hentry"],"_links":{"self":[{"href":"https:\/\/cienciapolitica.ufpr.br\/decp\/wp-json\/wp\/v2\/pages\/36","targetHints":{"allow":["GET"]}}],"collection":[{"href":"https:\/\/cienciapolitica.ufpr.br\/decp\/wp-json\/wp\/v2\/pages"}],"about":[{"href":"https:\/\/cienciapolitica.ufpr.br\/decp\/wp-json\/wp\/v2\/types\/page"}],"author":[{"embeddable":true,"href":"https:\/\/cienciapolitica.ufpr.br\/decp\/wp-json\/wp\/v2\/users\/3"}],"replies":[{"embeddable":true,"href":"https:\/\/cienciapolitica.ufpr.br\/decp\/wp-json\/wp\/v2\/comments?post=36"}],"version-history":[{"count":43,"href":"https:\/\/cienciapolitica.ufpr.br\/decp\/wp-json\/wp\/v2\/pages\/36\/revisions"}],"predecessor-version":[{"id":1816,"href":"https:\/\/cienciapolitica.ufpr.br\/decp\/wp-json\/wp\/v2\/pages\/36\/revisions\/1816"}],"wp:attachment":[{"href":"https:\/\/cienciapolitica.ufpr.br\/decp\/wp-json\/wp\/v2\/media?parent=36"}],"curies":[{"name":"wp","href":"https:\/\/api.w.org\/{rel}","templated":true}]}}