{"id":1805,"date":"2025-09-02T12:30:43","date_gmt":"2025-09-02T15:30:43","guid":{"rendered":"https:\/\/cienciapolitica.ufpr.br\/decp\/?page_id=1805"},"modified":"2025-09-02T12:30:43","modified_gmt":"2025-09-02T15:30:43","slug":"graziella-guiotti-testa","status":"publish","type":"page","link":"https:\/\/cienciapolitica.ufpr.br\/decp\/graziella-guiotti-testa\/","title":{"rendered":"Graziella Guiotti Testa"},"content":{"rendered":"\n<figure class=\"wp-block-image size-large is-resized\"><img fetchpriority=\"high\" decoding=\"async\" width=\"1024\" height=\"1024\" src=\"https:\/\/cienciapolitica.ufpr.br\/decp\/wp-content\/uploads\/sites\/3\/2025\/09\/graziella-1024x1024.jpg\" alt=\"\" class=\"wp-image-1806\" style=\"object-fit:cover;width:150px;height:150px\" srcset=\"https:\/\/cienciapolitica.ufpr.br\/decp\/wp-content\/uploads\/sites\/3\/2025\/09\/graziella-1024x1024.jpg 1024w, https:\/\/cienciapolitica.ufpr.br\/decp\/wp-content\/uploads\/sites\/3\/2025\/09\/graziella-300x300.jpg 300w, https:\/\/cienciapolitica.ufpr.br\/decp\/wp-content\/uploads\/sites\/3\/2025\/09\/graziella-150x150.jpg 150w, https:\/\/cienciapolitica.ufpr.br\/decp\/wp-content\/uploads\/sites\/3\/2025\/09\/graziella-768x768.jpg 768w, https:\/\/cienciapolitica.ufpr.br\/decp\/wp-content\/uploads\/sites\/3\/2025\/09\/graziella.jpg 1031w\" sizes=\"(max-width: 1024px) 100vw, 1024px\" \/><\/figure>\n\n\n\n<p><strong>E-mail:<\/strong> <a href=\"mailto:graziella.testa@ufpr.br\">graziella.testa@ufpr.br<\/a><\/p>\n\n\n\n<p><a href=\"http:\/\/lattes.cnpq.br\/5799718878531848\"><strong>Curr\u00edculo Lattes <\/strong><\/a><\/p>\n\n\n\n<p><strong><a href=\"https:\/\/scholar.google.com\/citations?user=651SL40AAAAJ&amp;hl=en\">Google Scholar<\/a><\/strong><\/p>\n\n\n\n<p><a href=\"https:\/\/usp-br.academia.edu\/GraziellaTesta\"><strong>Academia.edu<\/strong><\/a><\/p>\n\n\n\n<p><strong>Doutora em Ci\u00eancia Pol\u00edtica pela Universidade de S\u00e3o Paulo (2017), com per\u00edodo sandu\u00edche em Harvard University (orienta\u00e7\u00e3o de Steven Levitsky).<\/strong>&nbsp;Mestre (2011) e graduada (2008) em Ci\u00eancia Pol\u00edtica pela Universidade de Bras\u00edlia. Atualmente \u00e9 professora no Departamento de Ci\u00eancia Pol\u00edtica da Universidade Federal do Paran\u00e1 (UFPR). Sua pesquisa concentra-se em&nbsp;<strong>institui\u00e7\u00f5es informais, presidencialismo de coaliz\u00e3o, processo legislativo e rela\u00e7\u00f5es Executivo-Legislativo<\/strong>, com foco no funcionamento do Congresso Nacional, no papel das lideran\u00e7as partid\u00e1rias e nas transforma\u00e7\u00f5es institucionais do sistema pol\u00edtico brasileiro.<\/p>\n\n\n\n<hr class=\"wp-block-separator has-alpha-channel-opacity\"\/>\n\n\n\n<h2 class=\"wp-block-heading\"><strong>Forma\u00e7\u00e3o Acad\u00eamica<\/strong><\/h2>\n\n\n\n<ul class=\"wp-block-list\">\n<li><strong>Doutorado em Ci\u00eancia Pol\u00edtica<\/strong>\u00a0\u2013 Universidade de S\u00e3o Paulo (USP), 2017<br><em>Sandu\u00edche na Harvard University. Tese: &#8220;Informal Institutions and Coalitional Presidentialism in Brazil&#8221;.<\/em><\/li>\n\n\n\n<li><strong>Mestrado em Ci\u00eancia Pol\u00edtica<\/strong>\u00a0\u2013 Universidade de Bras\u00edlia (UnB), 2011<br><em>Sandu\u00edche na Universidad Nacional de San Mart\u00edn (Argentina). Disserta\u00e7\u00e3o: &#8220;Quando eu chegar l\u00e1 eu te conto: atributos dos deputados que incluem itens na pauta do Plen\u00e1rio da C\u00e2mara&#8221;.<\/em><\/li>\n\n\n\n<li><strong>Gradua\u00e7\u00e3o em Ci\u00eancia Pol\u00edtica<\/strong>\u00a0\u2013 Universidade de Bras\u00edlia (UnB), 2008<br><em>Monografia: &#8220;A Medida Provis\u00f3ria como pe\u00e7a fundamental no delicado equil\u00edbrio de poder entre Executivo e Legislativo: o caso da CPMF na C\u00e2mara&#8221;.<\/em><\/li>\n<\/ul>\n\n\n\n<hr class=\"wp-block-separator has-alpha-channel-opacity\"\/>\n\n\n\n<h2 class=\"wp-block-heading\"><strong>Atua\u00e7\u00e3o Acad\u00eamica e Profissional<\/strong><\/h2>\n\n\n\n<ul class=\"wp-block-list\">\n<li>Professora do\u00a0<strong>Departamento de Ci\u00eancia Pol\u00edtica da UFPR<\/strong>\u00a0(2022\u2013atual).<\/li>\n\n\n\n<li>Professora da\u00a0<strong>Funda\u00e7\u00e3o Get\u00falio Vargas (FGV)<\/strong>\u00a0em cursos de gradua\u00e7\u00e3o e p\u00f3s-gradua\u00e7\u00e3o (2020\u20132025).<\/li>\n\n\n\n<li>Experi\u00eancia anterior como professora substituta na\u00a0<strong>UnB.<\/strong><\/li>\n\n\n\n<li>Pesquisadora em projetos financiados por\u00a0<strong>CNPq, FAPESP e IPEA<\/strong>, com \u00eanfase em representa\u00e7\u00e3o pol\u00edtica, governabilidade e reformas institucionais.<\/li>\n<\/ul>\n\n\n\n<h2 class=\"wp-block-heading\"><strong>Linhas de Pesquisa<\/strong><\/h2>\n\n\n\n<ul class=\"wp-block-list\">\n<li>Institui\u00e7\u00f5es informais e seus efeitos sobre o presidencialismo de coaliz\u00e3o<\/li>\n\n\n\n<li>Processos decis\u00f3rios em Pol\u00edticas P\u00fablicas<\/li>\n\n\n\n<li>Lideran\u00e7as partid\u00e1rias e disciplina legislativa<\/li>\n\n\n\n<li>Rela\u00e7\u00f5es Executivo-Legislativo<\/li>\n\n\n\n<li>Representa\u00e7\u00e3o pol\u00edtica e accountability<\/li>\n<\/ul>\n\n\n\n<hr class=\"wp-block-separator has-alpha-channel-opacity\"\/>\n\n\n\n<h2 class=\"wp-block-heading\"><strong>Publica\u00e7\u00f5es Selecionadas<\/strong><\/h2>\n\n\n\n<ul class=\"wp-block-list\">\n<li>TESTA, G. G.; MESQUITA, L.; BOLOGNESI, B.\u00a0<em>Do fisiologismo ao centro do poder: as reformas eleitorais e o centr\u00e3o 2.0<\/em>.\u00a0<strong>Caderno CRH<\/strong>, 2024.<\/li>\n\n\n\n<li>TESTA, G. G.\u00a0<em>Fortalecimento do Legislativo ou centraliza\u00e7\u00e3o do poder? Governabilidade e a forma\u00e7\u00e3o de base no Congresso Nacional (2019-2023)<\/em>. In: DANTAS, H.; FERNANDEZ, M.; TESTA, G. (Orgs.).\u00a0<strong>Governabilidade: institui\u00e7\u00f5es, atores e estrat\u00e9gias<\/strong>. Rio de Janeiro: Konrad Adenauer Stiftung, 2023.<\/li>\n\n\n\n<li>FILGUEIRAS, F.; PALOTTI, P.; TESTA, G.\u00a0<em>Complexing Governance Styles: Connecting Politics and Policy in Governance Theories<\/em>.\u00a0<strong>Sage Open<\/strong>, 2023.<\/li>\n\n\n\n<li>PALOTTI, PEDRO ; FILGUEIRAS, FERNANDO ; TESTA, G. G. . DESMOBILIZA\u00c7\u00c3O INSTITUCIONAL E ESTILOS DE GOVERNAN\u00c7A MULTIN\u00cdVEL: O CASO DA CIT DA SA\u00daDE NO GOVERNO FEDERAL BRASILEIRO NA PANDEMIA DE COVID-19. In: Alexandre de \u00c1vila Gomide; Michelle Morais de S\u00e1 e Silva; Maria Antonieta Leopoldi. (Org.). DESMONTE E RECONFIGURA\u00c7\u00c3O DE POL\u00cdTICAS P\u00daBLICAS (2016-2022). 1ed.Bras\u00edlia: IPEA, 2023, v. 1, p. 1-564.<\/li>\n\n\n\n<li>TESTA, G.; FERNANDEZ, M.\u00a0<em>Brasil: la actuaci\u00f3n del Congreso Nacional ante un Ejecutivo Federal inerte<\/em>. In: ALC\u00c1NTARA S\u00c1EZ, M. et al.\u00a0<strong>Los Parlamentos en Am\u00e9rica Latina en tiempos de pandemia<\/strong>. Madrid: CEPC, 2021.<\/li>\n\n\n\n<li>TESTA, G. G.\u00a0<em>Governabilidade, Accountability e Institui\u00e7\u00f5es Informais<\/em>. In: DANTAS, H. (Org.).\u00a0<strong>Governabilidade: para entender a pol\u00edtica brasileira<\/strong>. Rio de Janeiro: Konrad Adenauer Stiftung, 2018.<\/li>\n\n\n\n<li>VIEIRA FERNANDEZ, MICHELLE ; DANTAS, HUMBERTO ; TESTA, GRAZIELLA . -Cambios de rumbo? El gobierno Bolsonaro y la realidad pol\u00edtica de Brasil. REFLEXION POLITICA, v. 22, p. 44-53, 2020.<\/li>\n<\/ul>\n\n\n\n<hr class=\"wp-block-separator has-alpha-channel-opacity\"\/>\n\n\n\n<h2 class=\"wp-block-heading\"><strong>Projetos de Pesquisa em Andamento<\/strong><\/h2>\n\n\n\n<ul class=\"wp-block-list\">\n<li><strong>Representa\u00e7\u00e3o e Legitimidade Democr\u00e1tica \u2013 INCT\/ReDem<\/strong>\u00a0(CNPq).<\/li>\n\n\n\n<li><strong>As modifica\u00e7\u00f5es regimentais e de funcionamento da C\u00e2mara dos Deputados<\/strong>.<\/li>\n<\/ul>\n","protected":false},"excerpt":{"rendered":"<p>E-mail: graziella.testa@ufpr.br Curr\u00edculo Lattes Google Scholar Academia.edu Doutora em Ci\u00eancia Pol\u00edtica pela Universidade de S\u00e3o Paulo (2017), com per\u00edodo sandu\u00edche em Harvard University (orienta\u00e7\u00e3o de Steven Levitsky).&nbsp;Mestre (2011) e graduada (2008) em Ci\u00eancia Pol\u00edtica pela [&hellip;]<\/p>\n","protected":false},"author":1,"featured_media":0,"parent":0,"menu_order":0,"comment_status":"closed","ping_status":"closed","template":"","meta":{"footnotes":""},"class_list":["post-1805","page","type-page","status-publish","hentry"],"_links":{"self":[{"href":"https:\/\/cienciapolitica.ufpr.br\/decp\/wp-json\/wp\/v2\/pages\/1805","targetHints":{"allow":["GET"]}}],"collection":[{"href":"https:\/\/cienciapolitica.ufpr.br\/decp\/wp-json\/wp\/v2\/pages"}],"about":[{"href":"https:\/\/cienciapolitica.ufpr.br\/decp\/wp-json\/wp\/v2\/types\/page"}],"author":[{"embeddable":true,"href":"https:\/\/cienciapolitica.ufpr.br\/decp\/wp-json\/wp\/v2\/users\/1"}],"replies":[{"embeddable":true,"href":"https:\/\/cienciapolitica.ufpr.br\/decp\/wp-json\/wp\/v2\/comments?post=1805"}],"version-history":[{"count":1,"href":"https:\/\/cienciapolitica.ufpr.br\/decp\/wp-json\/wp\/v2\/pages\/1805\/revisions"}],"predecessor-version":[{"id":1807,"href":"https:\/\/cienciapolitica.ufpr.br\/decp\/wp-json\/wp\/v2\/pages\/1805\/revisions\/1807"}],"wp:attachment":[{"href":"https:\/\/cienciapolitica.ufpr.br\/decp\/wp-json\/wp\/v2\/media?parent=1805"}],"curies":[{"name":"wp","href":"https:\/\/api.w.org\/{rel}","templated":true}]}}